6?
True
Does 36 divide 680?
False
Is 7760 a multiple of 40?
True
Does 13 divide 8944?
True
Does 15 divide 3105?
True
Is 252 a factor of 90468?
True
Does 26 divide 2160?
False
Is 12 a factor of 456?
True
Is 53 a factor of 5671?
True
Does 40 divide 7670?
False
Is 344 a multiple of 19?
False
Does 11 divide 3300?
True
Is 550 a multiple of 22?
True
Does 42 divide 7014?
True
Is 12 a factor of 1480?
False
Is 9 a factor of 212?
False
Does 27 divide 418?
False
Is 13 a factor of 33462?
True
Does 70 divide 11970?
True
Is 36 a factor of 4500?
True
Is 2840 a multiple of 10?
True
Is 4 a factor of 265?
False
Is 46 a factor of 79626?
True
Does 51 divide 19635?
True
Does 119 divide 3189?
False
Is 35 a factor of 1799?
False
Is 60585 a multiple of 35?
True
Is 86597 a multiple of 272?
False
Does 6 divide 2639?
False
Is 398 a multiple of 4?
False
Does 19 divide 4254?
False
Is 19 a factor of 796?
False
Is 861 a multiple of 41?
True
Does 72 divide 2808?
True
Does 18 divide 360?
True
Is 3 a factor of 8871?
True
Is 63784 a multiple of 113?
False
Is 116126 a multiple of 17?
False
Is 120 a multiple of 30?
True
Is 36 a factor of 4644?
True
Is 8 a factor of 53577?
False
Does 25 divide 96?
False
Does 10 divide 800?
True
Is 2 a factor of 19?
False
Is 365 a multiple of 15?
False
Is 8450 a multiple of 65?
True
Is 1637 a multiple of 9?
False
Does 55 divide 19745?
True
Does 50 divide 91600?
True
Does 8 divide 537?
False
Is 20 a factor of 7732?
False
Does 58 divide 3110?
False
Does 11 divide 1089?
True
Is 781 a multiple of 97?
False
Does 15 divide 19884?
False
Is 1102 a multiple of 10?
False
Does 9 divide 2682?
True
Is 34 a factor of 36380?
True
Is 12765 a multiple of 37?
True
Does 46 divide 138?
True
Is 170 a multiple of 34?
True
Does 11 divide 462?
True
Is 1136 a multiple of 16?
True
Does 195 divide 34514?
False
Is 825 a multiple of 31?
False
Does 10 divide 25130?
True
Is 14098 a multiple of 38?
True
Is 51 a factor of 7558?
False
Does 22 divide 271?
False
Is 83 a factor of 498?
True
Is 452 a multiple of 4?
True
Does 11 divide 3883?
True
Does 8 divide 7432?
True
Does 420 divide 18480?
True
Does 20 divide 6076?
False
Does 52 divide 488?
False
Is 7 a factor of 724?
False
Is 131820 a multiple of 13?
True
Does 15 divide 1035?
True
Is 7180 a multiple of 196?
False
Does 27 divide 1053?
True
Does 11 divide 105?
False
Is 107 a factor of 7606?
False
Is 7399 a multiple of 178?
False
Does 79 divide 8137?
True
Is 1665 a multiple of 7?
False
Is 14 a multiple of 7?
True
Does 111 divide 30337?
False
Does 143 divide 320?
False
Is 7054 a multiple of 94?
False
Is 16740 a multiple of 12?
True
Does 16 divide 12696?
False
Is 79088 a multiple of 16?
True
Is 893 a multiple of 19?
True
Is 5127 a multiple of 40?
False
Does 2 divide 1025?
False
Does 94 divide 47386?
False
Is 24 a factor of 1224?
True
Is 6918 a multiple of 46?
False
Is 190 a factor of 17670?
True
Is 1620 a multiple of 54?
True
Is 205 a multiple of 3?
False
Is 27120 a multiple of 80?
True
Is 523 a multiple of 3?
False
Is 119660 a multiple of 8?
False
Is 50349 a multiple of 13?
True
Is 14 a factor of 7831?
False
Is 119 a factor of 19719?
False
Is 42150 a multiple of 25?
True
Is 400 a multiple of 16?
True
Does 69 divide 3243?
True
Is 239 a multiple of 16?
False
Does 18 divide 6635?
False
Does 43 divide 1292?
False
Does 12 divide 545?
False
Is 8 a factor of 2857?
False
Is 102 a multiple of 27?
False
Is 193 a factor of 1351?
True
Is 9006 a multiple of 38?
True
Is 39 a factor of 30810?
True
Is 938 a multiple of 24?
False
Does 12 divide 2205?
False
Is 28989 a multiple of 56?
False
Is 570 a multiple of 30?
True
Is 145 a multiple of 2?
False
Is 3 a factor of 47?
False
Is 7 a factor of 17384?
False
Is 25104 a multiple of 8?
True
Does 31 divide 11997?
True
Does 63 divide 882?
True
Is 64 a factor of 512?
True
Does 228 divide 6384?
True
Is 41 a factor of 38130?
True
Is 648 a multiple of 14?
False
Is 73 a factor of 16571?
True
Is 45 a factor of 130?
False
Is 4431 a multiple of 2?
False
Is 249 a factor of 63744?
True
Does 14 divide 635?
False
Is 61 a factor of 5061?
False
Does 9 divide 972?
True
Does 3 divide 7?
False
Is 23 a factor of 550?
False
Does 22 divide 480?
False
Does 13 divide 3185?
True
Is 116 a factor of 3248?
True
Is 3707 a multiple of 11?
True
Is 90 a factor of 16733?
False
Is 45 a factor of 990?
True
Is 62 a multiple of 4?
False
Does 3 divide 313?
False
Is 1395 a multiple of 12?
False
Does 6 divide 317?
False
Is 646 a multiple of 19?
True
Is 30 a factor of 212?
False
Does 9 divide 1433?
False
Does 73 divide 4088?
True
Does 38 divide 646?
True
Is 7 a factor of 329?
True
Is 142 a multiple of 23?
False
Is 2268 a multiple of 81?
True
Does 19 divide 665?
True
Is 10 a factor of 130?
True
Does 22 divide 2486?
True
Does 14 divide 3164?
True
Is 204 a multiple of 6?
True
Is 70 a factor of 2450?
True
Does 8 divide 73712?
True
Does 15 divide 2395?
False
Is 5671 a multiple of 27?
False
Is 3 a factor of 2668?
False
Is 264 a multiple of 7?
False
Does 14 divide 273?
False
Does 18 divide 342?
True
Is 4 a factor of 8?
True
Is 2774 a multiple of 73?
True
Is 93830 a multiple of 15?
False
Is 103 a multiple of 8?
False
Is 624 a multiple of 24?
True
Does 21 divide 9219?
True
Does 30 divide 786?
False
Is 26 a factor of 2548?
True
Is 925 a multiple of 41?
False
Does 13 divide 56133?
False
Is 73 a factor of 365?
True
Is 105 a factor of 52920?
True
Does 16 divide 1982?
False
Is 32034 a multiple of 3?
True
Does 19 divide 995?
False
Does 5 divide 167?
False
Does 3 divide 5901?
True
Is 18640 a multiple of 233?
True
Is 42 a factor of 44797?
False
Is 121 a factor of 7502?
True
Is 1628 a multiple of 8?
False
Is 6 a factor of 3768?
True
Is 611 a multiple of 3?
False
Is 5 a factor of 1508?
False
Does 43 divide 188?
False
Does 10 divide 30?
True
Is 6270 a multiple of 19?
True
Is 140 a multiple of 14?
True
Is 133 a multiple of 2?
False
Does 16 divide 140?
False
Is 36 a multiple of 17?
False
Is 472 a multiple of 31?
False
Does 9 divide 4878?
True
Is 336 a multiple of 21?
True
Is 41509 a multiple of 15?
False
Is 200 a multiple of 13?
False
Does 4 divide 15360?
True
Does 16 divide 2048?
True
Does 16 divide 6550?
False
Is 33 a factor of 18894?
False
Is 38 a factor of 25080?
True
Is 56 a factor of 7392?
True
Is 61 a factor of 22859?
False
Is 21 a factor of 3611?
False
Does 8 divide 280?
True
Is 469 a multiple of 7?
True
Is 11 a factor of 481?
False
Is 29700 a multiple of 45?
True
Is 16 a factor of 624?
True
Does 26 divide 3358?
False
Does 60 divide 3000?
True
Does 10 divide 797?
False
Does 9 divide 1170?
True
Is 28893 a multiple of 4?
False
Is 8 a factor of 265?
False
Is 2 a factor of 586?
True
Is 6 a factor of 40411?
False
Is 132 a factor of 18680?
False
Does 10 divide 170?
True
Does 129 divide 129?
True
Does 5 divide 1021?
False
Is 3312 a multiple of 12?
True
Is 10 a factor of 1276?
False
Is 11748 a multiple of 15?
False
Is 195 a multiple of 39?
True
Is 36 a factor of 117?
False
Is 7345 a multiple of 14?
False
Is 24 a factor of 16152?
True
Is 15471 a multiple of 59?
False
Does 13 divide 2938?
True
Does 132 divide 3960?
True
Is 4784 a multiple of 17?
False
Is 9339 a multiple of 39?
False
Does 20 divide 3031?
False
Is 13 a factor of 49?
False
Does 18 divide 5577?
False
Does 102 divide 7170?
False
Is 47 a factor of 4380?
False
Is 58 a factor of 11984?
False
Is 171 a multiple of 2?
False
Does 129 divide 1290?
True
Is 624 a multiple of 39?
True
Does 83 divide 4648?
True
Does 191 divide 65454?
False
Is 14 a factor of 49484?
False
Is 99 a factor of 16632?
True
Is 91 a factor of 8209?
False
Is 1459 a multiple of 26?
False
Is 175 a multiple of 5?
True
Is 15 a factor of 7560?
True
Does 15 divide 65173?
False
Is 112 a factor of 5949?
False
Does 243 divide 19560?
False
Is 106 a factor of 8454?
False
Is 6 a factor of 13478?
False
Is 26 a factor of 26856?
False
Is 252 a multiple of 7?
True
Is 11 a factor of 308?
True
Is 7 a factor of 5105?
False
Is 70 a factor of 9660?
True
Does 8 divide 3267?
False
Is 126 a multiple of 6?
True
Does 33 divide 1749?
True
Is 3330 a multiple of 15?
True
Is 14396 a multiple of 59?
True
Does 33 divide 56?
False
Is 2 a factor of 1935?
False
Does 20 divide 95?
False
Is 17 a factor of 5099?
False
Is 115 a factor of 807?
False
Does 104 divide 3571?
False
Is 278